*r + 31 = 3*m. Suppose -3*d + m = 20. List the prime factors of (4/4)/((-1)/d).
2, 3
Let q be 234/8 + 2/(-8). Let m = -19 + q. List the prime factors of m.
2, 5
Suppose -5*f = 1 - 26. Suppose 5*s - 3*n - 13 = 0, -4*s + f = n - 2. List the prime factors of s.
2
Suppose -4*c - 122 = -5*c. What are the prime factors of c?
2, 61
Suppose -454 + 1708 = 11*u. What are the prime factors of u?
2, 3, 19
Suppose 2*g - 5*g = -6. What are the prime factors of g?
2
Let g = 34 - 1. Suppose -2*t - g = -6*t + 3*i, -2*i + 10 = 0. List the prime factors of t.
2, 3
Suppose 5*x - 19 = 21. Suppose 3*h = 5*h - x. Suppose d - 25 = -h*d. What are the prime factors of d?
5
Let h = 6 + -9. Let k be 13/3 - (-1)/h. List the prime factors of k/(-6) + (-32)/(-3).
2, 5
Suppose 3*k + 7 - 31 = -3*z, 0 = k - 2*z + 4. Suppose 3*b - 1 = k*b. Let x(o) = -11*o**3 + 2*o + 1. List the prime factors of x(b).
2, 5
Let u(n) = n**3 + 14*n**2 + 12*n - 4. What are the prime factors of u(-12)?
2, 5, 7
Let u = 547 - 309. What are the prime factors of u?
2, 7, 17
Let m(u) = -u**3 - 13*u**2 - u + 16. What are the prime factors of m(-13)?
29
Let n be (-8)/4 + 7 + -1. Suppose 7 = -n*o + 19. Let h = o - 0. List the prime factors of h.
3
Let o = 13 - 7. Suppose 2*j + 100 = o*j. List the prime factors of j.
5
Suppose 5*h = 16 + 34. Let k = h - 2. What are the prime factors of k?
2
Let j = 40 + -21. What are the prime factors of j?
19
Let n(q) = -q**3 + 16*q**2 - 14*q - 10. List the prime factors of n(15).
5
Let z(b) = -11*b**2 + 2*b + 3. Let d be z(-5). What are the prime factors of 4/14 + d/(-42)?
7
Let d(s) = s**2 + 14*s + 16. Let g be d(-14). Suppose -u - m + 17 = 0, 5*m - 9 - g = 0. List the prime factors of u.
2, 3
Let f(n) = 12*n - 3. Let x(b) = 11*b - 4. Let w(g) = 3*f(g) - 2*x(g). List the prime factors of w(2).
3
Let y(l) be the first derivative of 3*l**2/2 - 3. What are the prime factors of y(1)?
3
Let v be 25/(-10)*28/(-2). List the prime factors of (60/v)/((-2)/(-14)).
2, 3
Let o be (-1 - 2) + 1 + -3. Let a(p) = -p**2 - 6*p + 6. What are the prime factors of a(o)?
11
Let y = 1 + -3. Let a = y - -5. List the prime factors of a.
3
Let a = 13 + -9. Suppose a = 4*g, 5*f + g - 85 = -4*g. What are the prime factors of f?
2
Let s be 48/40*(-5)/2. Let b be s/(-2)*12/9. Suppose -b*o + 14 = -4*g, -4*g - 15 - 5 = -4*o. List the prime factors of o.
3
Suppose 2*d + 6 = 2*n, -36 = -n - n - 4*d. Let z = -18 + 160. What are the prime factors of z/n - (-3)/12?
2, 3
Let f(b) = -7*b**3 + b**2 - b - 1. Let p be (3 - (-2 + 5))/(-2). Let g be 2 - (-3 - p)*-1. List the prime factors of f(g).
2
Let q(f) = -f**3 - 5*f**2 - 13*f + 7. What are the prime factors of q(-8)?
3, 101
Let u = 82 - 49. List the prime factors of u.
3, 11
Suppose q + 126 = 4*m, -m + q + 13 + 20 = 0. List the prime factors of m.
31
Let n(c) = 36*c + 2. What are the prime factors of n(1)?
2, 19
Let j be (-9)/((-2)/((-16)/6)). Let g = j - -18. List the prime factors of 0 - g/3 - -9.
7
Let i be 4/8 - (-21)/(-2). Let s = -6 - i. What are the prime factors of s?
2
Suppose -108 = -2*y + 5*i, 0 = -y - 2*i - 3*i + 24. What are the prime factors of y?
2, 11
Let u(f) = -4*f + 3. What are the prime factors of u(-3)?
3, 5
Let k be (-1)/4 + (-1)/(-4). Suppose 3 = 3*i - k*i. List the prime factors of i/3 + (-184)/(-24).
2
Suppose -3*u - 3*k + 468 = -0*u, 5*k - 468 = -3*u. List the prime factors of u.
2, 3, 13
List the prime factors of -3*(-7 - (2 + 0)).
3
Suppose -8 = -5*x + 4*r, 3*r = -4*x + 6 + 19. Suppose 4*m = x*t - 24, 7*t - 3*t = -4*m + 56. List the prime factors of t.
2, 5
Suppose -3*t - 2*x = -1, -17 = 4*x - 1. Suppose 0*g - 2 = -n - g, -3*n + t*g = -30. List the prime factors of n.
2, 3
Suppose -a + 5*a + 4*k - 600 = 0, -4*k = a - 141. List the prime factors of a.
3, 17
Suppose 3*t - 350 = -146. What are the prime factors of t?
2, 17
Let j = 10 - 18. Let s(k) = -k**3 - 9*k**2 - 12*k - 8. Let i be s(j). Suppose 2*q + 2*q - i = 0. What are the prime factors of q?
2, 3
Suppose -12*b + 8*b + 428 = 0. What are the prime factors of b?
107
Suppose -2*r = -3*u + 169, -2*u + 2*r + 110 = -2*r. List the prime factors of u.
3, 19
Let b(i) = -2*i - 10. Suppose 0 = -h - 5*x - 20, -x = h + h + 22. What are the prime factors of b(h)?
2, 5
Let a be 7 + (2 - 1) - 3. Let r = 0 + a. Let j = r + 1. List the prime factors of j.
2, 3
Let v(a) = -4*a - 12. Let u be v(5). Let r = 47 + u. What are the prime factors of r?
3, 5
Let i(u) = -u**2 - 5*u - 1. Let v be i(-4). What are the prime factors of 2 - (3 - v)/(-2)?
2
Let d(v) = 2*v + 1. Let b be d(2). Suppose 3*o + b = 38. What are the prime factors of o?
11
Suppose 2*l = 5*l - 30. List the prime factors of l.
2, 5
Let j(p) = 10*p + 15. Let x be j(-11). Let z = -51 - x. What are the prime factors of z?
2, 11
What are the prime factors of ((-4)/(-8) - -2)*604/5?
2, 151
List the prime factors of (-3 - 30/(-8))*16.
2, 3
Let f = 3 - 1. Suppose r - 2*r = -f*a, -33 = -3*r - 5*a. Suppose -2*w + r = -w. List the prime factors of w.
2, 3
Let h = 123 - 6. What are the prime factors of h?
3, 13
Let m(o) = -10*o**3 - o**2 + 1. Let b be m(-1). Let k(v) = 3*v - 9. Let t(p) = -3*p + 10. Let d(l) = -5*k(l) - 6*t(l). List the prime factors of d(b).
3, 5
Let x(v) be the third derivative of -v**4/6 + v**3/3 - 4*v**2. List the prime factors of x(-3).
2, 7
Let v be 2/(-1 - -3) + 2. Suppose -o + v - 1 = 0. What are the prime factors of 0 + (5 - 0 - o)?
3
Let i = -12 + 57. Let q = 26 - i. Let s = 29 + q. List the prime factors of s.
2, 5
Suppose -2*r - 2*l - 85 - 47 = 0, 129 = -2*r - 3*l. Let d = r + 139. Suppose 5*c = -y + 55, -6*c + 2*y + d = -c. List the prime factors of c.
2, 3
Suppose -f + 4*f - 209 = -s, 4*f + 2*s - 276 = 0. What are the prime factors of f?
71
Suppose 43 - 13 = -3*w. Let f = -20 - w. Let z = 22 + f. List the prime factors of z.
2, 3
Let j(d) = 2*d**2 + d + 2. Let r be j(4). Suppose 3*y - 28 = r. List the prime factors of y.
2, 11
Let m = -17 + 20. Let i(x) = 4*x**2 - 1. List the prime factors of i(m).
5, 7
Let d be 6/3 + 10/2. Let q(c) be the third derivative of c**4/24 + 2*c**2. List the prime factors of q(d).
7
Suppose k - 31 = 5*g + 22, 0 = -3*k + 5*g + 119. What are the prime factors of k?
3, 11
Suppose -3*d + 8 = -b, 0*b + 2*d - 2 = -b. Let i = 11 - b. What are the prime factors of i?
13
Let t = 53 - -1. What are the prime factors of t?
2, 3
Let f be 2/(-3) + 2/3. Suppose f = -4*c + 3*c + 2. Suppose 3*t + 4*v = 55, c*t - 3*v = -0*v + 14. List the prime factors of t.
13
Let p(c) = c**2 - 4*c - 9. Let x = -7 + 16. What are the prime factors of p(x)?
2, 3
Let z(b) = 10*b - 8. Let m = 0 + -5. Let v(g) = 7*g - 5. Let c(i) = m*z(i) + 7*v(i). What are the prime factors of c(-6)?
11
Suppose 2*n - 43 - 69 = 0. What are the prime factors of n?
2, 7
Suppose -15*o + 11*o = -4*h - 1596, -h = 2. What are the prime factors of o?
397
Suppose 0 = -c + 5 - 0. What are the prime factors of (c/10)/((-1)/(-12))?
2, 3
Let x(f) = 5*f + 6*f**2 - 4*f - 3*f**2 + 2*f**2. Let a be x(1). List the prime factors of a/12 - (-13)/2.
7
List the prime factors of (-77)/(-4) + (-3)/(-4).
2, 5
Suppose -3*o - 5*n + 579 = 0, 140 = 4*o - 4*n - 632. What are the prime factors of o?
193
Suppose 0 = -g + 2*g - 2. Let j(b) = -2*b - 6. Let k be j(-5). Suppose 0 = g*f - 6 - k. What are the prime factors of f?
5
Suppose 0 = 2*q + q - 51. Suppose -j - 5*o - q = 2, -o = 5. What are the prime factors of j?
2, 3
Suppose 6*o = o + 10. List the prime factors of -3 - -1 - -27*o.
2, 13
Let k(u) = u**3 - 4*u**2 - 9*u - 8. List the prime factors of k(9).
2, 79
Let t(z) = z**3 - 21*z**2 - 19*z - 24. List the prime factors of t(22).
2, 3, 7
Suppose 2*u + u = 0. Let h be (2 + (-4 - u))*-2. Suppose 29 = h*z - 19. What are the prime factors of z?
2, 3
Suppose 0 = b - 76 + 14. Suppose 0*o - 2*o = b. Let f = -20 - o. List the prime factors of f.
11
Suppose 21*j + 55 = 20*j. Let n = j + 107. What are the prime factors of n?
2, 13
Let k = 91 + -3. What are the prime factors of k?
2, 11
Suppose 2*u + 65 = 3*z + 7*u, -4*u = -2*z + 80. List the prime factors of z.
2, 3, 5
Let i(h) = 2*h**2 - 3. Suppose -2*a - 5*l = -24, -2 = 3*a - 4*l + 8. Suppose a = -j - 1. What are the prime factors of i(j)?
3, 5
Let x be 44/8 + (-2)/4. Suppose -l - 20 = x*b, -2*b + 0*b + 2*l = 20. Let t(r) =